t q be o(-7). Let x = q - 30. Suppose x*a = 1691 - 228. Is a a composite number?
True
Let t = -784 + 787. Is ((-1041569)/(-93))/(t/9) a composite number?
False
Let a = 25797 + 22792. Is a prime?
True
Let y(j) = -8*j - 30. Let g be y(-5). Suppose u = -2*o - 9, 0*u + 4*u = 5*o - g. Is (5735/(-25))/(1/u) composite?
True
Let g = 25 + -19. Let d be (g/5)/(3/15). Is (-16)/(-24)*12033/d composite?
True
Let i(n) = -59*n**2 - 40*n + 7. Let q(w) = 30*w**2 + 21*w - 4. Let m(g) = -6*i(g) - 11*q(g). Is m(4) composite?
True
Let f(a) = 13*a**2 - 87*a + 542. Is f(36) a composite number?
True
Let r = 26410 + 145095. Is r a composite number?
True
Suppose 3*m + 35 = -x, -3*m + 4*x - 55 = -15. Let n be (8/m)/((-8)/60). Suppose p - n*z = 166, -p + 4*z - 3*z = -150. Is p prime?
False
Let f be -59 + 2 - (2 - -4). Is (-14)/f + (-29678)/(-18) prime?
False
Let i(b) = -21 - 23*b**2 + 14*b**2 - b + 16*b**2. Is i(-5) a prime number?
False
Let f be (-6)/51 - (-200)/(-34). Let m(i) = -157*i + 35. Is m(f) a prime number?
True
Let j = 123 - 62. Suppose -58 + j = u. Is u prime?
True
Suppose 4*l - 3*m = 9, l = -0*m + 3*m. Suppose 0 = l*n + 3 - 9. Suppose j = n*j - 611. Is j a composite number?
True
Let s be (-96)/40*(-5)/2*1. Is ((-2)/s)/(32/(-720672)) composite?
False
Let r = 3871414 - 2488895. Is r prime?
True
Let c(o) = 4*o**2 - 21*o + 38. Let d be c(12). Suppose -368*w = -d*w - 16314. Is w a prime number?
True
Suppose l = -102*o + 105*o - 5073765, 2*o + 5*l - 3382544 = 0. Is o composite?
False
Let r(k) = -k**3 + 3*k**2 + 6*k - 8. Let a = 15 - 11. Let l be r(a). Suppose 9*h - 2*h - 231 = l. Is h a composite number?
True
Let n(i) = -i**2 + 8*i - 8. Let y be n(7). Suppose 0 = 2*g - 4*r - 20, -35*r + 40*r = -3*g - 14. Is (-683)/g*(y + -1) a composite number?
False
Suppose 7 = c + c - 3*a, 4*c + 2*a = 22. Let k(x) = x**3 - 2*x**2 - 13*x - 5. Let l be k(c). Suppose -l*i + 21223 = -862. Is i prime?
False
Let g = 50 - 47. Let l be ((-8)/(-12))/(1/g). Suppose i + 471 = -l*u + 1326, -i - 3*u = -851. Is i composite?
False
Let l = 127851 - -16022. Is l composite?
False
Suppose -265*r + 60 = -255*r. Is ((-36657)/(-18) + 5)/(r/4) a prime number?
True
Suppose 0 = 37*i + 17*i - 19174482. Is i composite?
True
Let g(c) = 4*c - 58. Let w be g(10). Let y be ((-46000)/6 + (-12)/w)*-4. Suppose 0 = -0*b + 8*b - y. Is b a prime number?
True
Let o be 2/(-2)*(1 - -6). Let x be (-4)/(8/(-6) - -2). Is (-11836)/x - (o + (-120)/(-18)) a composite number?
False
Let g = 104363 - 132. Is g a prime number?
True
Let t = -49149 + 110008. Is t prime?
True
Let b = 442006 + -189623. Is b a composite number?
False
Suppose 1285408 = 97*u - 95*u + 2*v, 0 = -5*u - 3*v + 3213534. Is u prime?
False
Let z = 143 + -148. Let u(b) be the first derivative of 184*b**3/3 - 7*b**2/2 - 22*b - 1. Is u(z) a prime number?
False
Suppose 4*l - 714025 - 456447 = 0. Is l prime?
False
Let h be 1/5 - ((-186)/(-30) - 1). Let q(x) = x + 18. Let p be q(h). Suppose -5*z + p*z - 6064 = 0. Is z prime?
False
Suppose 52*a = -50*a + 60*a + 4499922. Is a a composite number?
True
Let a(l) = -121686*l - 1825. Is a(-2) prime?
False
Suppose -768550 = -4*q + 6*x + 784224, -4*q + 1552768 = -4*x. Is q a prime number?
False
Let i(q) = 8817*q**2 + 5*q + 1. Suppose -127*n = -121*n + 6. Is i(n) prime?
False
Suppose -2*z - 3*w + 3590875 = 0, 4*w = 6*w - 14. Is z composite?
True
Let z(h) = -53*h - 22. Suppose 0 = 5*o + 10, 4*a + 3*o + 108 + 138 = 0. Let d be (-12)/a + (-66)/5. Is z(d) prime?
False
Let w be (-22256)/(-40) + 12/20. Let r = w - 164. Is r composite?
True
Let z be (664/(-2))/((-5)/30). Let a(c) = -c**2 + 8*c - 10. Let i be a(6). Suppose -b + i*f = -735, 4*f = -3*b + 263 + z. Is b a prime number?
False
Suppose -271*p - 6714862 = -369*p. Is p prime?
False
Let y = 668 - 1057. Let f = -1686 + 2564. Let l = f + y. Is l composite?
True
Suppose 2*u - 5*u = -12. Suppose u*b + 5485 = -5*o, 2 = -2*o - 0. Let h = b + 2201. Is h prime?
False
Suppose 4*v + 6*c - 978 = c, -v + 5*c + 257 = 0. Suppose 0 = 5*w + 20, 3*z + 2*w - 2000 = -v. Is z composite?
False
Is (6422946/(-66) + -5)/(96/(-528)) a prime number?
True
Let y(n) = 19*n**2 - 108*n + 174. Is y(99) a composite number?
True
Suppose -29*x + 27*x = 0. Is -7*(-58 + 5) - x a prime number?
False
Suppose 3*f = 6*f + 14*a - 17393, -a = -3*f + 17333. Is f a composite number?
False
Suppose -2*v - 42 = 5*m - 4, v = 4*m + 7. Let t(w) = 62*w + 59. Let j be t(-1). Is (j + 4)*1497/v*-3 prime?
True
Suppose 2*f = 2*k + 18, 0 = -5*k + 2*k - 4*f - 13. Let p(i) = 27*i**2 + 25*i + 45. Is p(k) a composite number?
False
Suppose -3*b = 4*i - 3861152, -3*i + b + 836729 = -2059148. Is i a prime number?
True
Let o be 227/5 + (36/15)/(-6). Let n = -72 + o. Is 316/10*(n/(-6) + -2) a composite number?
False
Let t(d) = -3*d**2 + 23*d. Let v be t(19). Let z = v + 1135. Is z a composite number?
True
Let s(q) = 326*q**2 - 274*q + 107. Is s(15) a composite number?
True
Suppose 2*i = -3*l - 787, 3*l = i - 0*l + 416. Let z = i - -912. Is z a prime number?
False
Let f(u) = u**3 - 13*u**2 - 2*u + 28. Let o be f(13). Suppose -o*i - 6953 = -25719. Is i composite?
True
Let v be (-3 + -3)/(-2)*(-5 - 2028). Let j = v + 10627. Suppose j = 19*u - 16030. Is u prime?
False
Suppose -2*u - 3*j = -93899, -j + 22899 = 3*u - 117967. Is u composite?
False
Let u = 114593 - 33342. Is u composite?
True
Suppose 7*b + 72 = b. Let z(k) = 10*k**2 + 24*k - 5. Let q be z(b). Suppose 0*h + h - q = -d, 3*d - 3441 = 2*h. Is d a prime number?
False
Let a = 20541 - 13558. Is a prime?
True
Let i = 141023 + -61857. Let m = i - 54373. Is m prime?
True
Let f be 1467*(-2)/8*(-56)/21. Let b = f + -571. Is b composite?
True
Let l = 596206 + -356389. Is l prime?
False
Let x(z) = -3*z - 16. Let r be x(15). Let j = -61 - r. Suppose -2*v + b + j*b = -78, -78 = -2*v + 5*b. Is v prime?
False
Suppose -l - 2*f - 13611 = -4*l, 4*f + 12 = 0. Let x = -2453 + 2452. Is (2 + x)/((-18135)/l - -4) prime?
True
Let l be (-24)/(-18)*(3 + 3). Is (-1)/(-2) + -44706*(-2)/l composite?
False
Suppose 10635 = -3*w + 4*m - 3042, 0 = -2*m. Let a = -2610 - w. Is a prime?
True
Let p = -28147 - -51762. Suppose -3*q = -4*l + 23635, 4*l + 6*q - p = 5*q. Is l a composite number?
True
Suppose 3*x = 15, 4*x - 15 - 19 = -2*t. Let z(i) = -i**2 - 7*i - 9. Let p be z(-6). Is t/21 - 794/p composite?
True
Let j be 6*((-3)/18)/((-1)/9). Let p = j - -7. Suppose -r - 103 = 2*g - 629, p = -4*r. Is g a composite number?
True
Let j(d) = 2974*d**2 + 123*d - 6. Is j(-5) a prime number?
False
Let m = 41 - 8. Suppose -6*z + m = 5*z. Suppose z*y - 1341 - 5196 = 0. Is y a prime number?
True
Let b(h) = 20*h + 303. Let o be b(-15). Suppose -15165 = -3*s - o*m, -4*m = 4*s - 5*m - 20210. Is s a prime number?
False
Suppose 15 + 9 = 4*i + 4*k, -2*i + 2*k + 12 = 0. Let j(g) = 198*g**3 + 8*g**2 + 13*g - 17. Is j(i) prime?
True
Let h(p) = 17 - 39 + 6899*p + 39 + 229 - 27868*p. Is h(-5) a composite number?
True
Suppose 41776 = -8*j + 10*j. Let y = j + -12903. Is y prime?
False
Let n = 35 + -24. Suppose 6*g - 50 = n*g. Let b = g + 24. Is b composite?
True
Let s(j) = -1073*j - 2144. Let k be s(-2). Suppose 0 = -5*r + 2247 + 8578. Suppose 3*t - 5*z = 3248, k*t - 2*z = z + r. Is t a composite number?
True
Let l = 896 + -450. Suppose 0*w = -w - 4*o + 107, l = 4*w - 2*o. Is w a prime number?
False
Let h(d) = d**2 + 3*d - 61. Let s be h(7). Is (-2)/(-9) - (-1744)/s a prime number?
False
Let u(d) = 77658*d**2 + 243*d - 712. Is u(3) a prime number?
True
Suppose -42*x + 35*x = -894299. Is x a prime number?
False
Suppose 2*d - 90617 = 3687. Suppose -4*t - 4*h = -d, h - 23567 = -2*t + 2*h. Is t composite?
True
Let g(c) = 3*c**3 - c**2 + 4*c - 2. Let f be g(1). Suppose -3*p - 15 = 0, -f*p + 978 - 174 = 4*m. Is m a prime number?
False
Suppose 14 - 8 = 3*l. Let j(n) = 47*n**3 - 2*n**2 + 7*n - 9. Let x be j(5). Suppose 0 = -u - 2*u + l*y + 5855, -3*u - 2*y + x = 0. Is u composite?
False
Let c(h) = -26*h**3 - 6*h**2 + h - 79. Is c(-8) prime?
True
Let c be (-1 - -3)/((-1)/(-1264)). Suppose -c = 7*y + 5158. Let g = y - -2279. Is g composite?
False
Let r = -93 + 110. Suppose -6666 = -r*p + 21911. Is p prime?
False
Let r be (0 - 27/6)*22/(-1). Let s be (-16)/12*492/(-16). Let m = r - s. Is m a prime number?
False
Suppose -16*f + 12*f = -20. Suppose f*x - 